e number?
False
Is 2671 composite?
False
Is 6257 a composite number?
False
Is 55079 a prime number?
True
Is 50509 a prime number?
False
Is 182153 prime?
False
Is 120689 prime?
True
Is 25591 a composite number?
True
Is 3779243 a composite number?
True
Is 1116199 a composite number?
True
Is 290729 prime?
False
Is 206879 prime?
True
Is 121127 a prime number?
False
Is 73819 composite?
False
Is 20309 a composite number?
True
Is 119429 composite?
False
Is 4679 a prime number?
True
Is 39361 a composite number?
True
Is 528133 prime?
False
Is 30389 a composite number?
False
Is 82757 a prime number?
True
Is 189778 a composite number?
True
Is 2957 composite?
False
Is 16307 prime?
False
Is 1544237 a prime number?
False
Is 38397 composite?
True
Is 4489 a prime number?
False
Is 240641 composite?
False
Is 780371 a prime number?
True
Is 10243 prime?
True
Is 167861 a composite number?
False
Is 9851 a composite number?
False
Is 835897 a prime number?
True
Is 1934 composite?
True
Is 507259 a composite number?
True
Is 479 a prime number?
True
Is 3243079 a composite number?
True
Is 812807 composite?
False
Is 2231 composite?
True
Is 58809 a composite number?
True
Is 16615 a composite number?
True
Is 7769 prime?
False
Is 84857 prime?
True
Is 386429 prime?
True
Is 2767 composite?
False
Is 233437 a prime number?
True
Is 3413 a composite number?
False
Is 763117 a composite number?
True
Is 55871 a composite number?
False
Is 2417 prime?
True
Is 1777 prime?
True
Is 3691 a composite number?
False
Is 34199 composite?
True
Is 19289 a prime number?
True
Is 273551 prime?
True
Is 386053 prime?
False
Is 267369 a composite number?
True
Is 23047 prime?
False
Is 12197 prime?
True
Is 9277 a composite number?
False
Is 190699 composite?
False
Is 2272691 a composite number?
False
Is 3377 composite?
True
Is 861013 prime?
True
Is 6073 composite?
False
Is 12459 composite?
True
Is 145301 composite?
True
Is 537 a composite number?
True
Is 129341 a composite number?
False
Is 20873 prime?
True
Is 4574441 a composite number?
False
Is 24085 a prime number?
False
Is 100003 a prime number?
True
Is 128461 prime?
True
Is 30763 prime?
True
Is 19373 composite?
False
Is 57691 prime?
False
Is 34633 composite?
True
Is 24461 a prime number?
False
Is 5615 prime?
False
Is 2327027 a composite number?
False
Is 264599 prime?
True
Is 41887 composite?
False
Is 47939 a composite number?
False
Is 105059 a composite number?
True
Is 172369 composite?
True
Is 6121 composite?
False
Is 25417 prime?
False
Is 7629 prime?
False
Is 32811 prime?
False
Is 77509 prime?
True
Is 275591 prime?
True
Is 4903 composite?
False
Is 18397 prime?
True
Is 546727 prime?
False
Is 214459 a prime number?
False
Is 5509 composite?
True
Is 314879 prime?
True
Is 6179 composite?
True
Is 39707 a composite number?
True
Is 17543 prime?
False
Is 316831 a prime number?
False
Is 1713347 prime?
False
Is 49523 composite?
False
Is 16603 a prime number?
True
Is 70013 a prime number?
False
Is 78779 prime?
True
Is 22249 a composite number?
True
Is 28187 a composite number?
True
Is 64934 composite?
True
Is 10529 prime?
True
Is 57219 a composite number?
True
Is 42591 a prime number?
False
Is 11631 prime?
False
Is 7283 composite?
False
Is 7277 a prime number?
False
Is 219985 a prime number?
False
Is 19157 prime?
True
Is 9987 a composite number?
True
Is 418129 composite?
False
Is 36509 a prime number?
False
Is 1257 a prime number?
False
Is 20609 composite?
True
Is 3277 composite?
True
Is 31687 a composite number?
False
Is 5389 prime?
False
Is 3986 a prime number?
False
Is 2293 composite?
False
Is 8581 composite?
False
Is 759833 a composite number?
False
Is 12437 composite?
False
Is 45233 prime?
True
Is 10297 prime?
False
Is 20287 a composite number?
False
Is 17783 prime?
True
Is 38293 prime?
False
Is 3385 a prime number?
False
Is 7495 a prime number?
False
Is 107773 composite?
False
Is 81521 prime?
False
Is 1311265 composite?
True
Is 3809 a prime number?
False
Is 47021 a prime number?
False
Is 13069 prime?
False
Is 356585 composite?
True
Is 255961 composite?
False
Is 1028389 composite?
False
Is 10243 a prime number?
True
Is 23554 a prime number?
False
Is 221999 prime?
True
Is 41479 a prime number?
True
Is 44177 composite?
True
Is 3659 a prime number?
True
Is 29833 composite?
False
Is 53003 a prime number?
True
Is 176255 a prime number?
False
Is 20011 composite?
False
Is 3564917 a composite number?
True
Is 50357 prime?
False
Is 26083 a prime number?
True
Is 3722 a prime number?
False
Is 2281645 a prime number?
False
Is 8941 prime?
True
Is 1927 composite?
True
Is 94249 prime?
False
Is 510215 a prime number?
False
Is 3377 a prime number?
False
Is 10409 prime?
False
Is 620501 a composite number?
True
Is 22585 a prime number?
False
Is 94881 composite?
True
Is 2287 a prime number?
True
Is 89137 a prime number?
True
Is 2161 a composite number?
False
Is 22891 composite?
True
Is 47899 prime?
False
Is 9733 a composite number?
False
Is 6581 composite?
False
Is 99683 composite?
True
Is 237089 prime?
True
Is 12611 composite?
False
Is 157291 composite?
False
Is 90451 a composite number?
True
Is 408193 a prime number?
False
Is 8663 a prime number?
True
Is 81071 a composite number?
False
Is 78947 a composite number?
True
Is 1994 a composite number?
True
Is 36523 a composite number?
False
Is 43801 prime?
True
Is 7501 a composite number?
True
Is 285869 prime?
False
Is 4169 prime?
False
Is 1143719 a prime number?
True
Is 93131 a prime number?
True
Is 5177 composite?
True
Is 188749 a prime number?
False
Is 32749 a prime number?
True
Is 120751 prime?
False
Is 61195 a prime number?
False
Is 88303 composite?
True
Is 54911 composite?
True
Is 181969 a composite number?
True
Is 8069 composite?
False
Is 1072327 a composite number?
False
Is 16501 a composite number?
True
Is 26869 a composite number?
True
Is 40673 composite?
True
Is 4481 a composite number?
False
Is 5201 a composite number?
True
Is 171979 composite?
True
Is 55597 a prime number?
False
Is 26039 a prime number?
False
Is 2503 a prime number?
True
Is 20857 a prime number?
True
Is 6115 a composite number?
True
Is 8039 composite?
False
Is 16007 composite?
False
Is 23929 a composite number?
False
Is 3985 prime?
False
Is 60173 prime?
False
Is 2082655 a prime number?
False
Is 12226 prime?
False
Is 3645703 prime?
True
Is 2965 prime?
False
Is 1295885 prime?
False
Is 1265959 composite?
False
Is 172847 a composite number?
True
Is 1583501 a composite number?
True
Is 645641 a prime number?
True
Is 276719 composite?
True
Is 162557 composite?
False
Is 79579 prime?
True
Is 43853 composite?
False
Is 217981 a composite number?
False
Is 359 a prime number?
True
Is 163837 prime?
False
Is 16801 a prime number?
False
Is 19187 composite?
True
Is 18137 prime?
False
Is 61261 a composite number?
False
Is 11906 a prime number?
False
Is 2166541 a composite number?
True
Is 1709 prime?
True
Is 157111 a composite number?
True
Is 3128783 prime?
False
Is 2490749 prime?
False
Is 2053 prime?
True
Is 352579 a prime number?
True
Is 810757 a prime number?
True
Is 6979 a composite number?
True
Is 28877 a prime number?
False
Is 21817 composite?
False
Is 28983 a composite number?
True
Is 673 a composite number?
False
Is 5363 a composite number?
True
Is 1169473 a composite number?
False
Is 2437 prime?
True
Is 28921 a composite number?
False
Is 1673563 a prime number?
True
Is 39551 prime?
True
Is 2459 prime?
True
Is 288007 a composite number?
False
Is 444539 a composite number?
False
Is 749981 prime?
False
Is 7669 a composite number?
False
Is 22343 prime?
True
Is 47491 prime?
True
Is 221047 composite?
False
Is 2951 a composite number?
True
Is 14441 a composite number?
True
Is 11957 a prime number?
False
Is 40643 a prime number?
False
Is 571 a composite number?
False
Is 83537 prime?
True
Is 14845 prime?
False
Is 224951 prime?
True
Is 14621 a composite number?
False
Is 2395 a composite number?
True
Is 9091 prime?
True
Is 1106151 a composite number?
True
Is 3997 a composite number?
True
Is 436909 prime?
False
Is 1087 composite?
False
Is 1277429 a prime number?
True
Is 194003 a prime number?
True
Is 1783633 a prime number?
False
Is 75767 composite?
False
Is 26303 composite?
True
Is 17647 a prime number?
False
Is 4087 a prime number?
False
Is 21377 a prime number?
Tr